/3?
7
What is the units digit of 48/32*2*(-3356)/(-6)?
8
What is the hundreds digit of -30*(-984)/(-100)*-5?
4
Suppose -6*u + 7471 + 9851 = 0. What is the thousands digit of u?
2
Let h = -9 - -9. Suppose h = p + 3*p - 16. Suppose 0 = p*z - 3*d - 11, -5 = 4*d - 1. What is the units digit of z?
2
What is the units digit of (-2058)/(-8) - 2/8?
7
Suppose -w + 3 = 2*w. What is the tens digit of (w - 4 - -20) + -4?
1
Let k(w) be the second derivative of 0 - 5/3*w**3 - 3*w**2 + 2*w. What is the tens digit of k(-4)?
3
Let q = -376 + 779. What is the tens digit of q?
0
Let j = 342 + -199. Suppose -2594 = -17*t + j. What is the tens digit of t?
6
Suppose 0 = -70*q - 20614 + 109654. What is the thousands digit of q?
1
Suppose 4*j - 5324 = -3*v, 3*v - 2*j - 2859 - 2453 = 0. What is the hundreds digit of v?
7
Suppose 0 = 14*h - 14059 + 353. What is the hundreds digit of h?
9
Suppose -a + 0*a - k = -500, -5*a + 2484 = k. What is the units digit of a?
6
Suppose 4*y + 2494 = 5*g + 76, 3*g + 2*y = 1464. What is the tens digit of g?
8
Let u(c) = c - 5. Let d be u(-7). Let q = d + 22. What is the units digit of (-124)/(-6)*15/q?
1
Let d = -14 + 11. What is the units digit of ((-5)/2)/(d/78)?
5
Suppose 4*m = 5*d - 1225, 4*m = -m - 25. What is the units digit of d?
1
Let m(u) = -18*u + 10. Let t be m(-5). Suppose 0 = 5*k + p - 74 + 4, 5*k - 5*p - t = 0. Let n = k - -3. What is the tens digit of n?
1
Let t = -2 - -5. Suppose -t = -i - 0*i. Suppose -i*y + 0*s - 3*s + 117 = 0, s - 2 = 0. What is the tens digit of y?
3
Let o(r) = -r - 1. Let y(z) = -z**3 + 8*z**2 - 9*z + 13. Let b be y(7). Let d(h) = -3*h**2 + 10. Let n(m) = b*d(m) - 5*o(m). What is the tens digit of n(-6)?
7
Suppose -16*h + 11846 = -11402. What is the units digit of h?
3
Suppose 16 = 4*b - 12. Let g(m) = -m + 8. What is the units digit of g(b)?
1
Let t(g) = 13 + 11*g - 3*g - 27. What is the units digit of t(9)?
8
Let j be (27/3)/3 - -2. Suppose 27 = -j*n - 33. Let p(o) = o + 15. What is the units digit of p(n)?
3
Suppose 0 = -40*j + 37*j. Suppose j = -p + 4*w - w + 92, 0 = -2*p + 4*w + 174. What is the tens digit of p?
7
Suppose -5*l + l = 20. Suppose 0 = -0*g - 5*g + t + 15, -4*g + 12 = -2*t. What is the tens digit of (2/l)/(g/(-210))?
2
Let q(x) = x**3 + 9*x**2 + 9*x + 1. Let w be q(-7). Let s = 85 - w. What is the units digit of s?
9
Let g = 577 + -76. What is the hundreds digit of g?
5
Let g(u) = 6*u**2 - 4*u + 1. Suppose -19 + 31 = 3*v. What is the units digit of g(v)?
1
Let z(q) = -18*q - 18. Let l be z(-6). Let m be (80/6)/(12/l). Suppose m = a + 4*a. What is the units digit of a?
0
Let o = -104 - -110. Suppose -163 = -w - o. What is the units digit of w?
7
Let h(p) = 22*p**2 + 19*p - 62. What is the hundreds digit of h(9)?
8
Suppose 2*q = -0*q + 2. What is the units digit of -2 + (0 - (q + -5))?
2
Let r = -6 + 10. Let y be 1/(7/(-1050)*-6). Suppose -75 - y = -r*n. What is the tens digit of n?
2
Let t(k) be the third derivative of k**4/8 - 11*k**3/6 - 8*k**2. Let x(n) = 5*n - 21. Let s(w) = 11*t(w) - 6*x(w). What is the tens digit of s(3)?
1
What is the units digit of 23/(((-16)/26)/(-8))?
9
Suppose 3*r - 268 = -5*h, 7 + 8 = 3*h. What is the units digit of r?
1
Let r = -68 + 265. What is the units digit of r?
7
Let y = -822 - -952. What is the units digit of y?
0
Let j = 141 - 141. Suppose u + 5 = j, 0 = -2*x + 3*x - 3*u - 137. What is the tens digit of x?
2
Let a(w) = w**2 - 3*w - 17. Let s be a(8). Suppose -27*q = -s*q - 224. What is the units digit of q?
6
Let d(i) = -i**3 + 2. Let r be d(0). Suppose 2*w + 6 = 0, 3*w - 107 = -2*l + r*w. What is the units digit of l?
5
Let l be (-10)/2 - -3 - -140. Suppose -4*b + 7*b = l. What is the tens digit of b?
4
Let a(r) = -6*r**3 - 4*r**2 - r. Let u be a(-3). Suppose 4 - u = 5*k. Let m = -7 - k. What is the units digit of m?
8
What is the tens digit of 1/(4 - (-4)/((-72160)/72155))?
0
Let z(l) = -5*l + 4. Let b be 2/9 + 48/27. Let n = -5 - b. What is the units digit of z(n)?
9
Suppose 2*n - 1468 = -2*s, 5*s - 1456 = -4*n + 2*n. What is the hundreds digit of n?
7
Suppose 7*s - 4*s - 15 = 0. Suppose -s*a - 8*c = -3*c - 545, -5*c = 2*a - 209. Suppose 2*m - 4*o = 28, 5*m - 2*o - a = -6*o. What is the tens digit of m?
2
What is the hundreds digit of (-24)/132 + 109*40/22?
1
Suppose 5267 + 5335 = 9*b. What is the thousands digit of b?
1
Suppose -4*x + 480 + 84 = 0. What is the units digit of x?
1
Let w(b) be the first derivative of 3 - b + 0*b**2 + 5/3*b**3. What is the tens digit of w(2)?
1
Let h be (-560)/(-90) + (-4)/18. Suppose -h*t + 6 = -3*t. Let q(f) = 9*f**2 - 4*f + 4. What is the units digit of q(t)?
2
Suppose 5*f - 1040 = 605. What is the units digit of f?
9
Suppose -4*p = 4*p. Suppose -2*d - 3*d + t + 17 = 0, p = -2*d + 3*t + 12. What is the tens digit of -2 - 2 - (-45)/d?
1
Let u = 0 + 29. Suppose 366 = -u*a + 35*a. What is the units digit of a?
1
Let s(d) = d**3 + d**2 - 2. Let k be s(6). Let u = 356 - k. What is the hundreds digit of u?
1
Let w(s) = -106*s - 23. Let i be w(4). Let a = i + 681. What is the tens digit of a?
3
Suppose 0 = -i - 5*r + 1906, -3*r = 6*i - 5*i - 1898. What is the thousands digit of i?
1
Let x = 747 - -561. What is the hundreds digit of x?
3
Let r = -22 - -24. Suppose r*s - 46 = -5*l, -4*l + 3*s - 7*s + 44 = 0. What is the units digit of l?
8
Suppose -1630 = 37*g - 28048. What is the hundreds digit of g?
7
Let m(c) = -c**3 - 3*c**2 + 4*c + 3. Let p = -25 + 21. Let y be m(p). Suppose 0 = y*u - 8*u + 65. What is the tens digit of u?
1
Let w be 1 - ((-2)/(-2) + -51). Suppose -v = -27 - w. Suppose -2*t - t = -v. What is the tens digit of t?
2
Let k(j) = -j**2 - 7*j + 10. Let n be k(-8). Suppose -4 = -n*h + g, -h = -4*h - g + 11. What is the units digit of 1*(h + -6 - -43)?
0
Suppose 2*y + 3*y = 3285. What is the hundreds digit of y?
6
What is the tens digit of -524*(-2 + 3 + -2)?
2
Suppose 40850 = 35*o - 122705. What is the thousands digit of o?
4
Suppose 3*f - 168 = -2*s, 14*f - 9*f - 332 = -4*s. What is the tens digit of s?
7
Let m be (11/(-4) - -1)*-4. Suppose 111 + 29 = m*r. What is the tens digit of r?
2
Suppose -37 + 12 = -w. Let b(f) = -173*f + w*f**2 - 1 + 173*f. What is the tens digit of b(1)?
2
Let u(y) = 3 + 0*y - 7 - 3*y. Let i be u(-4). What is the units digit of (-90)/(-5)*i/6?
4
Let g(t) = -3*t - 8. Let a(b) = 8*b + 25. Let k(u) = 4*a(u) + 11*g(u). Let c be k(10). What is the units digit of (0/c)/(-1) + 3?
3
Let r = 98 - 41. Let w = 80 - r. Suppose w = -2*m + 75. What is the units digit of m?
6
Let n(b) = 3*b + 42. Let j be n(-13). Suppose 2*z - 3*x = 571 + 21, -3*z + 888 = -j*x. What is the hundreds digit of z?
2
Let n(s) = s**3 - 7*s**2 - 8*s + 3. Let i be n(8). Suppose i*c - 36 = m, 3*m - 4*c + 108 = c. What is the tens digit of 8/m + (-202)/(-18)?
1
Suppose 34*b - 7567 = 27*b. What is the units digit of b?
1
Let z(i) = i**3 - 17*i**2 - 2*i + 20. Let t be z(17). What is the units digit of 1 - t*(3 - -3)?
5
Let q = 650 + -73. What is the units digit of q?
7
Suppose -3*j = -3284 + 68. What is the hundreds digit of j?
0
Let k(z) = 29*z - 2. Let t be k(1). Let d = t + -22. What is the units digit of d?
5
Suppose -6*x + 2716 - 544 = 0. What is the tens digit of x?
6
Suppose 121*l + 3297 = 128*l. What is the hundreds digit of l?
4
Let c = -22 - -24. Suppose -3*f - 60 = s - 184, 0 = 3*f + c*s - 125. What is the units digit of f?
1
Suppose -2*i = -45 - 233. What is the units digit of i?
9
Let x(w) = w**2 - 9*w - 3. Let c be x(9). Let o be (-3)/c + -5 - -7. Suppose 3*h - 4 = -2*s, 3*s + 16 = -2*h + o*h. What is the units digit of h?
4
Suppose 0 = -2*y - a + 38, 3*a - 7*a - 68 = -3*y. Suppose 3*d = -q + 9 + 3, 0 = -5*d - 2*q + y. Suppose 0 = d*n + n - 225. What is the units digit of n?
5
Let u(x) = x**3 + 6*x**2 - 2*x + 4. Let k be u(-6). Suppose -i = -3*i + k. Let t = i + 0. What is the units digit of t?
8
Suppose -2*b + 1105 + 227 = -2*w, -5 = -5*w. What is the units digit of b?
7
Let q = 64 - 62. Suppose 0 = 5*p + g - 208 - 627, q*p - 334 = 5*g. What is the units digit of p?
7
Let v = 18 + -6. Suppose -t - t = -v. Let f(m) = m**2 - 2*m - 3. What is the tens digit of f(t)?
2
Suppose -5*y = -0*y - 70. Suppose 3*g + 8*q = 3*q - y, -4*q - 12 = 2*g. Suppose 0 = -5*h + g*p + 80, 3*p - 7 + 50 = 2*h. What is the t